54
What is the remainder when 5226493 is divided by 128?
125
Calculate the remainder when 47537 is divided by 951.
938
What is the remainder when 8580 is divided by 378?
264
What is the remainder when 33400 is divided by 11127?
19
Calculate the remainder when 761507 is divided by 50.
7
Calculate the remainder when 94478 is divided by 409.
408
Calculate the remainder when 1403 is divided by 108.
107
Calculate the remainder when 24343 is divided by 41.
30
What is the remainder when 10009 is divided by 323?
319
What is the remainder when 222530 is divided by 78?
74
What is the remainder when 341700 is divided by 353?
349
What is the remainder when 12206 is divided by 72?
38
What is the remainder when 128446 is divided by 192?
190
What is the remainder when 32438 is divided by 32357?
81
What is the remainder when 1284281 is divided by 27?
26
What is the remainder when 14553 is divided by 51?
18
Calculate the remainder when 275636 is divided by 171.
155
What is the remainder when 1762 is divided by 376?
258
Calculate the remainder when 164 is divided by 78.
8
What is the remainder when 5072 is divided by 317?
0
What is the remainder when 119577 is divided by 432?
345
Calculate the remainder when 23201 is divided by 59.
14
Calculate the remainder when 85317 is divided by 60.
57
Calculate the remainder when 9507 is divided by 432.
3
What is the remainder when 194685 is divided by 72?
69
Calculate the remainder when 14666 is divided by 219.
212
What is the remainder when 3329 is divided by 754?
313
What is the remainder when 1642110 is divided by 891?
888
What is the remainder when 169 is divided by 103?
66
What is the remainder when 12791 is divided by 39?
38
Calculate the remainder when 549859 is divided by 95.
94
Calculate the remainder when 11676 is divided by 16.
12
What is the remainder when 3314 is divided by 3311?
3
Calculate the remainder when 102665 is divided by 1801.
8
Calculate the remainder when 1897 is divided by 141.
64
Calculate the remainder when 41985 is divided by 292.
229
What is the remainder when 152378 is divided by 233?
229
What is the remainder when 5887 is divided by 8?
7
Calculate the remainder when 198879 is divided by 599.
11
Calculate the remainder when 546069 is divided by 122.
119
Calculate the remainder when 6820 is divided by 29.
5
What is the remainder when 3907 is divided by 1938?
31
Calculate the remainder when 477696 is divided by 14928.
0
What is the remainder when 1912 is divided by 644?
624
What is the remainder when 6513 is divided by 47?
27
What is the remainder when 175968 is divided by 29?
25
Calculate the remainder when 28554 is divided by 2039.
8
Calculate the remainder when 9776 is divided by 1617.
74
Calculate the remainder when 1002 is divided by 697.
305
What is the remainder when 483 is divided by 396?
87
What is the remainder when 22777 is divided by 68?
65
What is the remainder when 409780 is divided by 255?
250
Calculate the remainder when 1667 is divided by 11.
6
Calculate the remainder when 70537 is divided by 41.
17
What is the remainder when 75526 is divided by 104?
22
What is the remainder when 13638 is divided by 435?
153
Calculate the remainder when 40630 is divided by 1099.
1066
Calculate the remainder when 4715 is divided by 73.
43
Calculate the remainder when 76165 is divided by 35.
5
What is the remainder when 1033454 is divided by 51?
41
What is the remainder when 4701 is divided by 670?
11
What is the remainder when 11448 is divided by 264?
96
What is the remainder when 47159 is divided by 737?
728
Calculate the remainder when 33119 is divided by 346.
249
What is the remainder when 1657 is divided by 792?
73
What is the remainder when 977 is divided by 193?
12
What is the remainder when 321910 is divided by 71?
67
Calculate the remainder when 9020 is divided by 74.
66
Calculate the remainder when 33258 is divided by 33218.
40
Calculate the remainder when 1460 is divided by 13.
4
What is the remainder when 11264 is divided by 814?
682
What is the remainder when 4673 is divided by 4656?
17
Calculate the remainder when 2370 is divided by 679.
333
What is the remainder when 45700 is divided by 10?
0
What is the remainder when 203347 is divided by 67775?
22
Calculate the remainder when 364 is divided by 140.
84
What is the remainder when 4383 is divided by 486?
9
What is the remainder when 5657 is divided by 1865?
62
Calculate the remainder when 26059 is divided by 31.
19
Calculate the remainder when 683 is divided by 78.
59
Calculate the remainder when 23407 is divided by 148.
23
Calculate the remainder when 40664 is divided by 34.
0
Calculate the remainder when 7922 is divided by 76.
18
What is the remainder when 15426 is divided by 365?
96
Calculate the remainder when 2358 is divided by 40.
38
What is the remainder when 328435 is divided by 99?
52
Calculate the remainder when 41862 is divided by 388.
346
Calculate the remainder when 131158 is divided by 13.
1
Calculate the remainder when 143942 is divided by 443.
410
What is the remainder when 1883 is divided by 342?
173
Calculate the remainder when 439582 is divided by 201.
196
What is the remainder when 241285 is divided by 126?
121
Calculate the remainder when 438099 is divided by 7.
4
What is the remainder when 30980 is divided by 30970?
10
What is the remainder when 455187 is divided by 793?
5
Calculate the remainder when 143664 is divided by 517.
455
What is the remainder when 7393 is divided by 8?
1
Calculate the remainder when 3680 is divided by 920.
0
What is the remainder when 2881 is divided by 102?
25
What is the remainder when 25960 is divided by 25?
10
What is the remainder when 3758 is divided by 608?
110
Calculate the remainder when 640025 is divided by 222.
221
Calculate the remainder when 990494 is divided by 435.
434
Calculate the remainder when 194719 is divided by 2238.
13
Calculate the remainder when 115388 is divided by 25.
13
What is the remainder when 10680 is divided by 49?
47
Calculate the remainder when 11911 is divided by 33.
31
What is the remainder when 6849 is divided by 105?
24
What is the remainder when 15910 is divided by 2?
0
Calculate the remainder when 298 is divided by 275.
23
What is the remainder when 983009 is divided by 671?
665
Calculate the remainder when 18859 is divided by 553.
57
What is the remainder when 35437 is divided by 17713?
11
What is the remainder when 3262 is divided by 407?
6
Calculate the remainder when 4565 is divided by 491.
146
What is the remainder when 395479 is divided by 44?
7
Calculate the remainder when 402529 is divided by 19168.
1
What is the remainder when 14432 is divided by 1312?
0
Calculate the remainder when 5763 is divided by 105.
93
What is the remainder when 4015 is divided by 1994?
27
Calculate the remainder when 26884 is divided by 210.
4
Calculate the remainder when 5380 is divided by 1385.
1225
What is the remainder when 12738 is divided by 2117?
36
What is the remainder when 157966 is divided by 13163?
10
Calculate the remainder when 9779 is divided by 4781.
217
What is the remainder when 435 is divided by 187?
61
What is the remainder when 1683671 is divided by 372?
371
What is the remainder when 112356 is divided by 31?
12
Calculate the remainder when 86427 is divided by 547.
1
Calculate the remainder when 1355 is divided by 475.
405
Calculate the remainder when 690 is divided by 179.
153
Calculate the remainder when 35970 is divided by 17961.
48
Calculate the remainder when 220 is divided by 66.
22
Calculate the remainder when 237995 is divided by 44.
43
Calculate the remainder when 4700 is divided by 12.
8
Calculate the remainder when 3380 is divided by 3278.
102
What is the remainder when 8776 is divided by 2917?
25
Calculate the remainder when 71889 is divided by 35.
34
Calculate the remainder when 11676 is divided by 36.
12
What is the remainder when 3668 is divided by 398?
86
Calculate the remainder when 4573 is divided by 1523.
4
Calculate the remainder when 6934 is divided by 8.
6
Calculate the remainder when 1130 is divided by 360.
50
What is the remainder when 11833 is divided by 11830?
3
What is the remainder when 7907 is divided by 231?
53
Calculate the remainder when 8162 is divided by 227.
217
What is the remainder when 13346 is di